{"id":32,"date":"2025-09-05T16:03:06","date_gmt":"2025-09-05T13:03:06","guid":{"rendered":"https:\/\/www.askinnakliyat.net\/?page_id=32"},"modified":"2025-09-05T16:03:31","modified_gmt":"2025-09-05T13:03:31","slug":"referanslarimiz","status":"publish","type":"page","link":"https:\/\/www.askinnakliyat.net\/?page_id=32","title":{"rendered":"Referanslar\u0131m\u0131z"},"content":{"rendered":"\n<ul class=\"wp-block-list\">\n<li>Ege \u00dcniversitesi Ba\u015f Hekimi ve Doktorlar\u0131<\/li>\n\n\n\n<li>Ekin \u00d6zg\u00fcr Akta\u015f (E.\u00dc. Adli T\u0131p Ba\u015fkan\u0131)<\/li>\n\n\n\n<li>BayrakL\u0131 Adliyesi Personeli<\/li>\n\n\n\n<li>Dokuz Eyl\u00fcl \u00dcniversitesi Dekanl\u0131\u011f\u0131<\/li>\n\n\n\n<li>\u0130zmir Cumhuriyet Ba\u015fsavc\u0131l\u0131\u011f\u0131<\/li>\n\n\n\n<li>Mehmet Sait Demirci (Cumhuriyet Ba\u015f Savc\u0131s\u0131)<\/li>\n\n\n\n<li>Do\u011fu\u015f \u00c7ay Personeli ve M\u00fcd\u00fcrl\u00fc\u011f\u00fc<\/li>\n\n\n\n<li>P\u0131nar S\u00fct A.\u015e.<\/li>\n\n\n\n<li>Manisa Emniyet M\u00fcd\u00fcr\u00fc<\/li>\n\n\n\n<li>Kamil Okyay S\u0131nd\u0131r (Bornova Belediye Ba\u015fkan\u0131)<\/li>\n\n\n\n<li>\u00c7i\u011fli Belediye Ba\u015fkan Yard\u0131mc\u0131s\u0131 (Medet \u00c7akar)<\/li>\n\n\n\n<li>\u00c7i\u011fli Fen \u0130\u015fleri M\u00fcd\u00fcr\u00fc<\/li>\n\n\n\n<li>Elektro Galeri Fabrikas\u0131 (Tahir \u00d6zerk)<\/li>\n\n\n\n<li>\u00dclker \u0130zmir B\u00f6lge M\u00fcd\u00fcrl\u00fc\u011f\u00fc<\/li>\n\n\n\n<li>Kar\u015f\u0131yaka Adliyesi Hakim ve Savc\u0131lar\u0131<\/li>\n<\/ul>\n\n\n\n<p>ve daha bizimle ta\u015f\u0131n\u0131p y\u00fczlerinden mutluluk eksik olmayan y\u00fczlerce m\u00fc\u015fterilerimiz.<br>Sizlerde bu mutlulu\u011fu tatmak i\u00e7in\u00a0<strong>A\u015eKIN NAKL\u0130YATI<\/strong>\u00a0tercih ediniz<\/p>\n","protected":false},"excerpt":{"rendered":"<p>ve daha bizimle ta\u015f\u0131n\u0131p y\u00fczlerinden mutluluk eksik olmayan y\u00fczlerce m\u00fc\u015fterilerimiz.Sizlerde bu mutlulu\u011fu tatmak i\u00e7in\u00a0A\u015eKIN NAKL\u0130YATI\u00a0tercih ediniz<\/p>\n","protected":false},"author":1,"featured_media":0,"parent":0,"menu_order":0,"comment_status":"closed","ping_status":"closed","template":"","meta":{"footnotes":""},"class_list":["post-32","page","type-page","status-publish","hentry"],"_links":{"self":[{"href":"https:\/\/www.askinnakliyat.net\/index.php?rest_route=\/wp\/v2\/pages\/32","targetHints":{"allow":["GET"]}}],"collection":[{"href":"https:\/\/www.askinnakliyat.net\/index.php?rest_route=\/wp\/v2\/pages"}],"about":[{"href":"https:\/\/www.askinnakliyat.net\/index.php?rest_route=\/wp\/v2\/types\/page"}],"author":[{"embeddable":true,"href":"https:\/\/www.askinnakliyat.net\/index.php?rest_route=\/wp\/v2\/users\/1"}],"replies":[{"embeddable":true,"href":"https:\/\/www.askinnakliyat.net\/index.php?rest_route=%2Fwp%2Fv2%2Fcomments&post=32"}],"version-history":[{"count":3,"href":"https:\/\/www.askinnakliyat.net\/index.php?rest_route=\/wp\/v2\/pages\/32\/revisions"}],"predecessor-version":[{"id":35,"href":"https:\/\/www.askinnakliyat.net\/index.php?rest_route=\/wp\/v2\/pages\/32\/revisions\/35"}],"wp:attachment":[{"href":"https:\/\/www.askinnakliyat.net\/index.php?rest_route=%2Fwp%2Fv2%2Fmedia&parent=32"}],"curies":[{"name":"wp","href":"https:\/\/api.w.org\/{rel}","templated":true}]}}