{"id":19,"date":"2025-09-05T15:58:31","date_gmt":"2025-09-05T12:58:31","guid":{"rendered":"https:\/\/www.askinnakliyat.net\/?page_id=19"},"modified":"2025-09-06T18:54:17","modified_gmt":"2025-09-06T15:54:17","slug":"19-2","status":"publish","type":"page","link":"https:\/\/www.askinnakliyat.net\/?page_id=19","title":{"rendered":"Paketleme"},"content":{"rendered":"\n<p><strong>Nakliyat Paketleme , Ambalajlama<\/strong><\/p>\n\n\n\n<p>Evden eve nakliyat esnas\u0131nda her t\u00fcrl\u00fc mobilyan\u0131z\u0131n de- montesi i\u015flemleri ve bu e\u015fyalar\u0131n ambalaj\u0131 i\u015flemleri evden eve nakliyat i\u00e7in \u00f6zel olarak \u00fcretilmi\u015f ambalaj malzemeleriyle, ev han\u0131m\u0131 titizli\u011finde konusunda uzman personelimiz taraf\u0131ndan itinayla yap\u0131l\u0131r.<br>Mobilya ve koltuk tak\u0131mlar\u0131n\u0131z ve yataklar\u0131n\u0131z hijyenik olmas\u0131 a\u00e7\u0131s\u0131ndan hi\u00e7 kullan\u0131lmam\u0131\u015f strech filmle onun \u00fcst\u00fcne de hava kabarc\u0131kl\u0131 naylonlarla ambalaj\u0131 yap\u0131larak ta\u015f\u0131n\u0131r. Elbiselerinize kirlenmemesi ve \u00fct\u00fcs\u00fcn\u00fcn bozulmamas\u0131 i\u00e7in naylonlar giydirilerek portatif gard\u0131roplar\u0131m\u0131za as\u0131l\u0131r.<\/p>\n\n\n\n<p>Yeni evinizde gard\u0131robunuzun montaj\u0131 yap\u0131ld\u0131ktan sonra naylonlardan \u00e7\u0131kar\u0131larak dolab\u0131n\u0131za as\u0131l\u0131r. Bardak tabak ve k\u0131r\u0131lacak e\u015fyalar\u0131n\u0131z hava kabarc\u0131kl\u0131 naylon ve ambalaj k\u00e2\u011f\u0131d\u0131 ile ambalaj\u0131 yap\u0131larak (gazete k\u00e2\u011f\u0131d\u0131 kullan\u0131lmamaktad\u0131r) mukavemeti g\u00fc\u00e7l\u00fc karton kolilere yerle\u015ftirilir.<\/p>\n\n\n\n<p>Beyaz e\u015fyalar\u0131n\u0131z tesisatlar\u0131ndan s\u00f6k\u00fclerek nakliye vidalar\u0131 tak\u0131l\u0131p ambalaj\u0131 yap\u0131larak yeni evinize ta\u015f\u0131n\u0131r.<br>Cam e\u015fyalar\u0131n\u0131z son derce temiz beyaz cam ka\u011f\u0131tlar\u0131 ile sar\u0131lmaktad\u0131r. Mermer, b\u00fcy\u00fck cam ve ayna i\u00e7in \u00f6zel tahta kafes imalat\u0131, antika e\u015fyalar i\u00e7inde \u00f6zel bir paketleme yap\u0131lmaktad\u0131r.<\/p>\n\n\n\n<p>Koltuk , vitrin , piyano ve di\u011fer hacimli e\u015fyalar haval\u0131 naylonla muhafaza edilir. Ask\u0131 ile ta\u015f\u0131nabilecek olan giysiler \u00f6zel yap\u0131lm\u0131\u015f ask\u0131l\u0131 karton kutulara yerle\u015ftirilerek g\u00fcvenli ta\u015f\u0131ma ortam\u0131 sa\u011flan\u0131r.<\/p>\n\n\n\n<p>Firmam\u0131z personeli bilin\u00e7li \u00e7al\u0131\u015fma prensibinden \u00f6d\u00fcn vermeden e\u015fyalar\u0131n\u0131z\u0131 g\u00fcvenli bir \u015fakilde ta\u015f\u0131r. Mefru\u015fat, buzdolab\u0131 ve di\u011fer b\u00fcy\u00fck e\u015fyalar naylon ambalajlarla muhafaza edilir.<\/p>\n\n\n\n<p><\/p>\n","protected":false},"excerpt":{"rendered":"<p>Nakliyat Paketleme , Ambalajlama Evden eve nakliyat esnas\u0131nda her t\u00fcrl\u00fc mobilyan\u0131z\u0131n de- montesi i\u015flemleri ve bu e\u015fyalar\u0131n ambalaj\u0131 i\u015flemleri evden eve nakliyat i\u00e7in \u00f6zel olarak \u00fcretilmi\u015f ambalaj malzemeleriyle, ev han\u0131m\u0131 titizli\u011finde konusunda uzman personelimiz taraf\u0131ndan itinayla yap\u0131l\u0131r.Mobilya ve koltuk tak\u0131mlar\u0131n\u0131z ve yataklar\u0131n\u0131z hijyenik olmas\u0131 a\u00e7\u0131s\u0131ndan hi\u00e7 kullan\u0131lmam\u0131\u015f strech filmle onun \u00fcst\u00fcne de hava kabarc\u0131kl\u0131 naylonlarla&hellip; <br \/> <a class=\"read-more\" href=\"https:\/\/www.askinnakliyat.net\/?page_id=19\">Devam\u0131<\/a><\/p>\n","protected":false},"author":1,"featured_media":0,"parent":0,"menu_order":0,"comment_status":"closed","ping_status":"closed","template":"","meta":{"footnotes":""},"class_list":["post-19","page","type-page","status-publish","hentry"],"_links":{"self":[{"href":"https:\/\/www.askinnakliyat.net\/index.php?rest_route=\/wp\/v2\/pages\/19","targetHints":{"allow":["GET"]}}],"collection":[{"href":"https:\/\/www.askinnakliyat.net\/index.php?rest_route=\/wp\/v2\/pages"}],"about":[{"href":"https:\/\/www.askinnakliyat.net\/index.php?rest_route=\/wp\/v2\/types\/page"}],"author":[{"embeddable":true,"href":"https:\/\/www.askinnakliyat.net\/index.php?rest_route=\/wp\/v2\/users\/1"}],"replies":[{"embeddable":true,"href":"https:\/\/www.askinnakliyat.net\/index.php?rest_route=%2Fwp%2Fv2%2Fcomments&post=19"}],"version-history":[{"count":4,"href":"https:\/\/www.askinnakliyat.net\/index.php?rest_route=\/wp\/v2\/pages\/19\/revisions"}],"predecessor-version":[{"id":118,"href":"https:\/\/www.askinnakliyat.net\/index.php?rest_route=\/wp\/v2\/pages\/19\/revisions\/118"}],"wp:attachment":[{"href":"https:\/\/www.askinnakliyat.net\/index.php?rest_route=%2Fwp%2Fv2%2Fmedia&parent=19"}],"curies":[{"name":"wp","href":"https:\/\/api.w.org\/{rel}","templated":true}]}}